culate r(-8).
-9
Let s(c) = c**2 + 7*c + 4. Let q be s(-7). Let o(z) be the second derivative of -z**4/6 + z**3 - z**2/2 + z - 29. Give o(q).
-9
Let a = 42 - 45. Let z(q) = 4*q**2 + 2*q - 4. What is z(a)?
26
Let d(z) be the second derivative of z**5/20 - z**4/3 - z**3 + 2*z**2 + 2*z. Let h(f) = 5*f - 41. Let g be h(9). Calculate d(g).
-20
Let j(a) be the first derivative of 0*a**2 + 1 - 5/12*a**4 + 0*a**3 + 5*a. Let r(c) be the first derivative of j(c). Calculate r(1).
-5
Let d(p) = 9*p + 9*p - 11 + 10*p + 14*p - 44*p. What is d(-10)?
9
Let x(c) = 3*c**3 - c**2 + c + 1. Suppose -5*p + w - 12 = 0, 0*w + 5*w = 10. What is x(p)?
-29
Let r(l) = 4*l - 13*l**2 - 4*l - l + 5*l**2. Let x = 6 + -7. Calculate r(x).
-7
Let a(j) = -j**3 - 3*j**2 + 2*j - 4. Suppose 0 = -2*q - 3*d + 1 - 15, 6 = q - 5*d. Let r be 5/(10/q) - 2. Give a(r).
4
Let b(a) = -a**3 - 3*a**2 - 4*a - 3. Let q be b(-4). Let g = q - 19. Let h = 14 - g. Let j(p) = -2*p + 6. What is j(h)?
-2
Let a be (-385)/280 + 6/16. Let d(j) = -11*j**2 + j + 1. Give d(a).
-11
Let z(k) = -k + 3. Let n(w) = 5 + 3 - 4 - 3. Let h(s) = -5*n(s) - z(s). Give h(5).
-3
Let a(t) = 2*t**2 - 2 - 36*t + 27*t + 19*t. Let h(z) = -z**2 - z. Let m(u) = -a(u) - 3*h(u). Calculate m(4).
-10
Let g(w) = 2*w - 18. Let z be g(11). Let a(m) = 15 - 7 - z*m**2 + 2 - 5 + m**3 - 7*m. Suppose 3*i = n + 14, 3*n + 8 = i + 6*n. Give a(i).
-5
Let d = -74 - -81. Let j(a) = a - 6. Let l(v) = -2*v + 13. Let z(y) = 5*j(y) + 2*l(y). Determine z(d).
3
Let g(z) = z - 1. Let d be g(3). Let h = -20 - -20. Let k(b) = 4*b - d*b + b**2 + h*b**2. Give k(-4).
8
Let h(d) = -5*d**2 - 4*d - 4. Let l(b) = 4*b**2 + 3*b + 3. Let i(r) = -3*h(r) - 4*l(r). Let p be 2/(-18) + (-2)/(-18). Give i(p).
0
Let x be (-16)/(-1)*(-4)/(-8). Let y be (-1 + 0)*8/x. Let j(f) = 6*f**2 + f + 1. Let t(h) = 13*h**2 + 2*h + 2. Let q(g) = -7*j(g) + 3*t(g). What is q(y)?
-3
Let m = -8 - -10. Let h(u) = 3*u + m*u**2 + 6 - 3*u**2 + 0*u + 6*u. Let t be h(9). Let z(n) = n**3 - 5*n**2 - 6*n - 1. Determine z(t).
-1
Let a(g) = g - 18 + 4 + 13 + 7. Determine a(-8).
-2
Let a(w) = -4*w - 22. Let g be a(-6). Suppose g*o = -o. Let k(c) = -c**3 + c + 6. What is k(o)?
6
Let t(d) = 7. Let o(i) = i + 86. Let m(c) = -o(c) + 6*t(c). Determine m(-14).
-30
Let j(k) = -k. Suppose 0 = 6*w - 2*w - 4. Let m(t) = 1 - 2 + 3*t + w. Let z(y) = -2*j(y) - m(y). Calculate z(5).
-5
Let u(v) be the first derivative of -v**3/3 + 4*v**2 + 27*v - 260. Determine u(10).
7
Let v(o) = 16 + 9*o + 7*o**2 - 3*o**2 - 3*o**2. Calculate v(-6).
-2
Let a(o) = -o**2 + 9*o + 1. Suppose 0 = i + 22 + 19. Let m = i + 48. Determine a(m).
15
Let k(x) = x**3 + 15*x**2 + 13*x - 8. Suppose 3*h + 34 = 4*p, 3*h + 8*p = 4*p - 50. Calculate k(h).
6
Let q(s) = -s**3 + 5*s**2 - 5*s - 4. Let d(c) = 45*c - 176. Let t be d(4). Determine q(t).
-8
Let p(u) = u**3 + 7*u**2 - 9*u - 10. Let x be 10 - 9 - (-18)/(-2). What is p(x)?
-2
Let v(c) be the first derivative of -c**3/3 + 5*c**2/2 + 9*c - 1. Let a(y) = -6*y**3 + 3*y**2 - 9*y - 11. Let m be a(-1). Determine v(m).
-5
Let p(l) = l**2 + 6*l + 7. Let x be p(-3). Let k be 3 - (6 - 1) - x. Let m(a) = -a**2 - 4. Calculate m(k).
-4
Suppose -36 = -257*z + 263*z. Let a(x) = -x**3 - 6*x**2 + x + 10. Determine a(z).
4
Let p(v) = v**2 - 7 + 753*v + 754*v + 2*v**3 - 1508*v. Determine p(0).
-7
Let x = 1 + -3. Let c(r) be the second derivative of -r**4/12 - r**3/6 + r**2/2 - 3*r + 26. What is c(x)?
-1
Let t(b) = -4*b - 11. Let l = 1434 - 1430. What is t(l)?
-27
Let j(l) = l**3 - 5*l**2 + 3*l - 7. Let k be j(5). Let s = k - 11. Let y(d) = -2 + 2 - d + 13 - 12. Give y(s).
4
Let l(s) be the second derivative of 1/20*s**5 - 5/2*s**2 + 0 - 1/3*s**3 + 1/3*s**4 - 6*s. Determine l(-4).
3
Let h(m) = -m**3 - m**2 - 5. Let a(r) = r**2 + 15*r + 16. Let l be a(-14). Let v(x) = 5*x**3 + 4*x**2 + x + 26. Let d(w) = l*v(w) + 11*h(w). Calculate d(2).
-19
Let c(p) = 2*p. Let i be c(0). Let o be (-78)/(-52)*(-2 + i/2). Let m(z) be the second derivative of 2*z**3/3 + z**2 + 2*z. What is m(o)?
-10
Let a(l) = -1 + 0*l - 2*l + 4 + 5. Let p(h) = -h**2 + 13*h + 36. Let v be p(15). What is a(v)?
-4
Suppose -3 = -3*d + 15. Let k(a) = 0*a + d - 2 + a. Let p(x) = -5*x + 1. Let f be p(1). Calculate k(f).
0
Suppose 0 + 2 = h. Let o(n) = 2*n - 416*n**h - 6 - 3*n**3 + 410*n**2 + 4*n**3. Give o(6).
6
Suppose 12 = 4*a - 8. Suppose a*d + 5 = -10. Let x(c) be the first derivative of -c**2/2 - 3*c + 169. Give x(d).
0
Let z(p) = 3*p - 27. Let h = 414 - 406. What is z(h)?
-3
Let k(y) = y + 3. Let g(l) = 2*l + 7. Let x(u) = 3*g(u) - 4*k(u). Give x(-5).
-1
Let i(f) = -5*f + 20*f**2 + 4*f - 42*f**2 - 3 + 20*f**2 + 0*f. What is i(-5)?
-48
Let f(s) be the first derivative of -5/2*s**2 - 5/3*s**3 + 10 - 1/4*s**4 - 3*s. Let i(b) = -b**2 - b - 2. Let h be i(-2). Determine f(h).
1
Suppose -4*s + 4 = -4, 0 = 5*d - 5*s - 25. Suppose q - d*q = 6. Let v(h) = -2*h - 1. Calculate v(q).
1
Suppose 0 = -47*g + 13*g. Let x(r) = 1 - r - 5 - 10. Give x(g).
-14
Suppose 2*a - 36 = -16*a. Let h(q) = a*q - 7*q + 3*q + 5 - q. What is h(4)?
-7
Let j(q) = -61*q - 6. Let u(c) = -44*c - 5. Let x(s) = 3*j(s) - 4*u(s). What is x(1)?
-5
Let v(l) = -35 - 55 - 7*l + 79. Give v(-8).
45
Let g(h) = 2*h**2 - 1. Let r(t) = -t**2. Let j(d) = -g(d) - 3*r(d). Let u = -1213 + 1211. What is j(u)?
5
Suppose -2*b + 1 - 9 = 0, 4*s - 4*b - 24 = 0. Suppose 2*m = 2*p + 10, p + 20 = 4*m + 3. Let c(w) = -2*w - s*w**2 + m*w**2 + 0*w. Calculate c(2).
4
Let n(t) be the first derivative of 3*t**2/2 + 2*t + 239. Let k(i) = 4*i**3 - i**2 + 3*i - 3. Let c be k(2). Suppose 4*z = -c + 11. What is n(z)?
-13
Suppose 4 + 31 = 4*x + 5*b, 20 = x - b. Let l(w) = w**3 - 14*w**2 - 16*w + 9. What is l(x)?
-6
Let o(i) = 3*i**3 - 9*i**2 + 8*i**2 - 2*i**3 + 2 - 1. Calculate o(-1).
-1
Let x(q) = q**3 + 5*q**2 - 3*q + 4. Let h = -523 - -518. Determine x(h).
19
Let o = 30 - 20. Suppose -4*b + 398 = -2*c - o, 0 = 3*b + 3*c - 306. Let u(a) = b - 5*a - 102. What is u(1)?
-5
Let k(x) be the second derivative of 4*x**3/3 - x**2 + 4*x - 24. Give k(2).
14
Let y = -17 + 23. Let x be 6/(-12) - y/4. Let a(n) be the third derivative of n**4/8 + 9*n**2. Give a(x).
-6
Let j be 82/(-41) + -2*1/(-2). Let p(o) = 32*o. Determine p(j).
-32
Let s(q) = q**3 + 8*q**2 + 6*q - 8. Let g(v) = -6*v**3 - 2*v**2 + v. Let n = 36 - 28. Let l(d) = d**2 - 8*d + 1. Let c be l(n). Let p be g(c). Give s(p).
-1
Let w(t) be the third derivative of -t**5/60 - t**4/12 - t**3/3 - 2*t**2 + 21*t - 2. Suppose -8 = -4*v, 4*o + 0 = -5*v - 2. Calculate w(o).
-5
Suppose 18 = -3*u - r, -6 = u + 4*r - 0. Let s(b) = -b**2 - 3*b - 1. Determine s(u).
-19
Let m(a) be the first derivative of -a**3 - a**2/2 - 3*a - 86. What is m(-3)?
-27
Suppose 3*u = 5*k + 35 - 11, 0 = 5*u + 5*k. Let y(w) = -5*w + u*w - 1 + 10*w**2 + w. Calculate y(-1).
10
Let o(l) be the second derivative of l**4/12 + 7*l**3/6 + l**2/2 + 7*l. Let m be -1 - (-9)/(36/(-16)). What is o(m)?
-9
Let y = 750 - 482. Let o(b) = b**2 - y + 133 + 2*b + 128. Determine o(-5).
8
Let u(v) = -v**2 - 5*v + 2. Let q be u(-5). Let y(r) = -r + 3 + r - 4*r + 2*r**2 + r**3 - 3*r**q. Determine y(2).
-1
Let d(s) = s**3 - 6*s**2 + 3*s - 4. Let i be (-2 + 1)*(0/(-1) + -5). Determine d(i).
-14
Let t(l) = 6*l - 9. Let x(v) = -16*v + 26. Let z(o) = -11*t(o) - 4*x(o). Suppose -u - 5 = -11. What is z(u)?
-17
Let s = -1858 + 1854. Let q(a) = -a - 2. Let x(c) = -3*c - 8. Let o(h) = 9*q(h) - 2*x(h). Calculate o(s).
10
Let w(v) = -v**3 + 8*v**2 + 7*v - 4. Let f(z) = z**3 - 7*z**2 - 7*z + 4. Let k(t) = 4*f(t) + 3*w(t). Calculate k(5).
-6
Let m(h) = -11*h**3 - 14*h**2 + 8*h - 32. Let n(c) = 31*c**3 + 41*c**2 - 25*c + 91. Let x(z) = -17*m(z) - 6*n(z). What is x(6)?
10
Let g(i) = -i**2 + i - 1. Let t be g(0). Suppose -5*l + 1 = -84. Let z(b) = 3 - 5*b**2 + l*b**2 - 2*b - 4 - 7*b**2. Determine z(t).
6
Let z(x) = 2*x**2 + 1. Let i(a) = -2*a + 28. Let d be i(12). Suppose w + w = 4*c + 22, -2*c = -d*w + 14. Calculate z(w).
3
Let s = 746 + -769. Let a = 67 - 48. Let j = s + a. Let u(b) = -b**3 - 4*b**2. Determine u(j).
0
Suppose s + 0 = -5*n - 1, n + 5 = -s. Let j(i) = -5*i**3 + i**2 + 10*i - 7. Let v(x) = 6*x**3 - 11*x + 8. Let w(g) = 7*j(g) + 6*v(g). Give w(s).
11
Suppose -25 = 5*k - 25. Let x(u) = 2*u + k - 5 + 4 - 8*u + u**2. Determine x(6).
-1
